4)/11)/(1/2). Suppose -11*b = -a - 1990. Is b a composite number?
False
Let x(n) = 60*n + 161 - 299 + 55 + 92*n**2. Is x(27) a prime number?
False
Suppose -2*a = 19*a + 8*a - 2912557. Is a a prime number?
False
Let z(s) = 2*s**3 + 5*s**2 + 34*s - 11*s**2 - 6 - 26*s**2 + 19*s. Is z(25) a composite number?
False
Let z(o) = -2*o**3 - 273*o**2 - 86*o + 4033. Is z(-168) prime?
False
Is (1 + (-39365)/4)/((-31)/124) composite?
True
Suppose 556 - 482 = -y. Let b = y + 109. Is b a prime number?
False
Let i(l) = l + 4. Let k be i(3). Let b(v) = -k*v + 17*v + 36*v - 5. Is b(6) composite?
False
Suppose -4*w + 14*g - 12*g - 8146 = 0, -9 = -3*g. Let m = 3224 + w. Is m a composite number?
True
Let d = 32 + -17. Let g(j) = 8*j**2 + 24*j - 11. Let b be g(d). Suppose b = 3*w - 3860. Is w prime?
True
Let a = 12205 - -3738. Is a a composite number?
True
Let d be (-4)/(-26) - 1216096/(-182). Let z = -4321 + d. Suppose -9*j + z = -6*j. Is j a prime number?
True
Let l(r) be the second derivative of -2*r**3/3 - 61*r**2/2 - 8*r. Let k be l(-13). Is (3/k)/(0 - 3/11943) prime?
True
Let b(v) = 3*v**3 + v**2 - 8*v - 12. Let h be b(11). Suppose -n - y + h = 0, -n = -16*y + 14*y - 3999. Is n a prime number?
False
Is (-9860795)/(-14)*16/40 a prime number?
True
Let c(o) = 20*o**2 - 21*o - 113. Let i be c(-6). Let q = 1904 - i. Is q a prime number?
True
Let m be 27/18*2*-1. Let n be m + (-6894)/(-4) + 10/20. Let w = n - 1204. Is w a composite number?
True
Suppose -298755 = -5*d + 13*w - 18*w, -5*d - 4*w = -298751. Is d a prime number?
True
Let t be ((-56)/(-32) + -4)/(6/(-16)). Is 4/t - (-338870)/42 a composite number?
False
Suppose -3*r - 4 = -m, 4*m = 5*r - 2 - 3. Let n be (-3*m/30)/((-1)/(-10)). Suppose n*i + 681 + 20 = 4*z, -4*i = -12. Is z a prime number?
True
Let u = -157 - -152. Is 7656 - (-5 + 6)*u prime?
False
Let p = -57 - -61. Suppose -9 = -o - p*k, 0*o - 5*k + 7 = -3*o. Is (o - -3) + (-7 - -134) prime?
True
Let d = 2114 + 6771. Is d a composite number?
True
Is ((-2 - (-7)/4)*-10007)/(252/1008) a composite number?
False
Suppose -33 = t + 2*t. Suppose 0 = 92*w - 98*w - 18. Is 1018*(w + (t/(-2) - -1)) composite?
True
Let q(g) = -g**3 - 9*g**2 - 7*g + 8. Let d be q(-8). Suppose d = 6*b - 2067 - 1203. Suppose 0 = 3*f + 2*c - b, 3*f - 5*c - 529 = -3*c. Is f prime?
True
Let k(y) = 7*y**2 + 34*y - 14. Let t = 76 - 90. Let d be k(t). Suppose 3*q + 2*q = -4*w + d, 2*q = 5*w - 1119. Is w a composite number?
False
Let f = 121 - 109. Is (-2)/(f/(-663))*(-11 - -13) a prime number?
False
Is 73/146*(418600 + -2) composite?
False
Let j be (-4)/(-18) + (-578)/(-153) + -2. Let k(a) be the second derivative of 20*a**4 + a**3/6 - 3*a**2/2 + 3*a. Is k(j) a prime number?
False
Let x(a) = 2160*a**3 + 5*a - 1. Is x(3) composite?
True
Let x be 24/16 + (-50)/(-4) + 0. Suppose 5*n - 13 = 4*r + x, -4*r = n + 9. Is 7*(n - -152 - (-5 + 3)) prime?
False
Suppose 5*b + 4 = y, 3*y + 4*b = 5 + 7. Suppose -15*g + y*g = -11671. Is g a composite number?
False
Let c = -255315 + 383734. Is c composite?
True
Let n = 24421 - 5362. Is n/6*(7 + -5) a composite number?
False
Let n(t) = 149*t - 17. Suppose 51*j - 47*j - 12 = 0. Let k be n(j). Suppose 3*h - k = 1607. Is h prime?
False
Let d(o) be the first derivative of -o**5/20 - 13*o**4/12 - 5*o**3/3 - 13*o**2/2 - o - 6. Let l(v) be the first derivative of d(v). Is l(-15) composite?
False
Let n(k) = -163*k**3 - 41*k**2 + 113*k + 95. Is n(-16) a composite number?
False
Let p(r) = r**3 - 6*r**2 + 12*r - 6. Let b be p(5). Suppose -4*m + b - 7 = -3*g, 20 = 2*m + 3*g. Suppose 0 = m*l + 32 - 3147. Is l composite?
True
Let f(s) be the first derivative of 59*s**6/90 - s**5/20 - s**4/8 + 17*s**3/3 - 29. Let y(r) be the third derivative of f(r). Is y(-2) a prime number?
True
Is (30/(-36))/(22/(-43692)) a prime number?
False
Suppose -523041 = -7*h + 452990. Is h composite?
True
Let b(l) be the first derivative of 7*l**3/3 + 2*l**2 - 25*l - 97. Is b(-8) a prime number?
False
Let l be (42/(-8))/((-24)/64). Let s be (l/(-35))/(((-2)/(-25))/(-1)). Suppose 958 = t + s*g, -t - g - 513 + 1491 = 0. Is t a prime number?
True
Suppose -285490 + 698478 = -2*i + 2*f, 0 = -3*i + 5*f - 619472. Is -1 + i/(-15) - (-3)/(-5) composite?
True
Let f(r) = r**2 - 5*r. Let p be f(0). Suppose 7*z - 9*z + 4*b + 1098 = p, 0 = -4*z - 4*b + 2148. Is z a composite number?
False
Suppose 2 = 5*c - 4*x, 4*c + 0*x = 2*x - 2. Let n be (48/28)/((-2)/(-14)). Is 2 - 6/c*468/n composite?
True
Let f(h) = 10044*h + 5. Let b be f(2). Suppose -b = -14*t + 22551. Is t a prime number?
False
Let m(b) = -16*b + 13. Suppose -9*y + 8*y = -3. Suppose 5*o - n - 29 + 124 = 0, -2*o + y*n = 38. Is m(o) a prime number?
True
Suppose 54*c - 92001 - 448377 = 0. Is c a prime number?
True
Suppose 0 = -110*t + 599786 + 807884. Is t prime?
False
Let v be 1*((-12)/(-9))/((-12)/(-27)). Suppose z + v*z = -28. Is -682*(1/(-1))/(9 + z) a composite number?
True
Let z = 43 - 40. Suppose z*v + 4*m - 2126 = 5*v, 3*m - 4267 = 4*v. Is (-2 - (-5 - -4))*v a prime number?
True
Suppose 6*v + 4*c + 53441 = 9*v, 5*v - 5*c = 89060. Is v composite?
False
Suppose -4*d - 2*v + 16 = -0*v, -5*d - 4*v = -23. Suppose 5*n - 5*r = -0*r + 15, 2*n - 5*r = -3. Suppose -5*s = -25, -3*w - n*s + d*s = -1110. Is w prime?
False
Suppose -7*j - 2*b - 7216 = -2*j, -5*b = -2*j - 2869. Let v = 17 - j. Is v prime?
True
Let u(h) = -67214*h**3 - 3*h**2. Is u(-1) composite?
False
Let x(k) = -2511 - 2344 - 381*k + 4728. Is x(-10) prime?
False
Let h(y) = 1528*y - 113. Let x be h(21). Suppose 5*w = x - 210. Is w a prime number?
True
Let o(l) = 5538*l**2 + 191*l + 1079. Is o(-6) composite?
True
Let x(y) = -y**3 + 35*y**2 + 34*y + 108. Let g be x(32). Suppose -g = -h + 5*t, 9 = -2*t - t. Is h a prime number?
True
Suppose -7*j = 4826 - 16208. Suppose 25*y + 2*s - j = 21*y, 0 = 3*y - 4*s - 1225. Is y prime?
False
Suppose -3*i + 4891 = p - 0*i, -4*p - 2*i = -19604. Is p prime?
True
Is ((-158)/79)/((2 + -3)/7321) composite?
True
Let q = 1700775 + -1204588. Is q composite?
False
Suppose 5*p - 175918 = -6*g + 4*g, -12 = -3*p. Is g prime?
False
Suppose o - 89905368 = -10*o - 13*o. Is o prime?
False
Let z(w) = w - w**2 + 8 - 530*w**3 - 32 + 12 + 13. Suppose -2 = -4*a - 3*v, 2*a + 8 = -2*a + 2*v. Is z(a) prime?
False
Let t(f) = -23*f**2 + 5*f - 14. Let z(k) = 24*k**2 - 6*k + 14. Let x(v) = 6*t(v) + 7*z(v). Let a be x(8). Suppose a = 8*c - 1026. Is c a prime number?
False
Let o(x) = 4265*x**2 - 144*x - 235. Is o(-14) a prime number?
True
Suppose -13*d - 4*i + 40 = -10*d, -i + 28 = 3*d. Let l(a) = 7*a**3 - 10*a**2 + 3*a - 17. Is l(d) a composite number?
True
Suppose -5*u + 5*g + 2470 = 0, -2*u + 0*g + 1002 = 5*g. Let r be (-6)/21 - 3258/14. Let c = r + u. Is c a prime number?
True
Is 8/10 - (-139736)/120*9 composite?
True
Let k = 46542 + -28889. Is k composite?
True
Suppose 0 = 117*y + 8*y - 24338375. Is y a prime number?
True
Let m(p) = 113*p**2 + 5*p - 4. Let q be m(1). Let o = -479 + q. Let x = o + 672. Is x prime?
True
Let g = 83499 + 276482. Is g composite?
False
Let a(k) = -k**3 + 28*k**2 + 93*k + 36. Let w be a(31). Suppose -w*x = -44*x + 63944. Is x composite?
False
Suppose -5*d - 1293 = -4*u, -2*d + u = -5*d - 786. Let y = d - -151. Is 68*y/(-4)*17/170 prime?
False
Let h(i) = -8*i**2 + 12*i**2 + 13*i**2 - i**3 - 2*i**2 - 2 - i. Let y(m) = 3*m**3 - 46*m**2 + 3*m + 7. Let k(f) = -7*h(f) - 2*y(f). Is k(13) prime?
True
Suppose 0 = 3*i + 1 - 16, -8*i + 2314621 = 3*d. Is d a prime number?
True
Let u(s) = -6*s - 109*s**2 - 7 + s - 15 + 0. Let n(z) = -55*z**2 - 3*z - 11. Let i(t) = 7*n(t) - 4*u(t). Is i(6) a prime number?
False
Let l be 4/(8/6) - (13 - 8). Let m be (-3 - l - 4)*2856/(-15). Let n = -555 + m. Is n composite?
False
Let b = -55 - -60. Let y(w) = 9*w + 29. Let x be y(-3). Suppose -x*p + 4*p = 5*c - 587, -b*p = -20. Is c a composite number?
True
Let g(x) = 214*x**2 + 6*x - 1. Suppose 4*w - 7 = -2*i + 1, 3*i = -4*w + 6. Let h be g(w). Is 6/4 + h/2 a composite number?
True
Suppose 59*v - 57*v = 37648. Suppose 1611 = -7*f + v. Let z = f + -702. Is z prime?
False
Suppose 30*u = 36825 + 718725. Suppose -69*v - 25200 = -5*a - 68*v, -2*v = 5*a - u. Is a a composite number?
False
Let k = -76864 + 120059. Suppose 0 = -s + b + 14393, 0*s + 5*b - k = -3*s. Is s composite?
True
Suppose 